 + 14, -2*b + 26 = -5*q. Let y(n) = -7*n - 3. Let u(k) = -k. Let g(o) = 6*u(o) - y(o). What is the units digit of g(b)?
1
Let m = 0 - -5. Let z(x) = -x**2 + 5*x + 7. What is the units digit of z(m)?
7
Suppose -2*d = 3*d - 10. Suppose -d = i + 4*b - 13, -5*b = 5*i - 55. What is the units digit of i?
1
Let u be (4/(-3))/((-12)/(-504)). Let f = 105 + u. What is the tens digit of f?
4
Let w(i) = 2*i - 1. Suppose 3*j - 2 = j. Let c be w(j). What is the units digit of -1 + c - -2*1?
2
Suppose 6 = o - 5*n, 18 = -3*o + n - 4*n. Let j = o - -4. Suppose s + 5 = 0, v + j*s = s + 13. What is the units digit of v?
8
Suppose -5*s + 3*d = -s - 171, -3*d - 15 = 0. What is the tens digit of s?
3
Suppose -18 = 31*d - 33*d. What is the units digit of d?
9
Let n = 302 + -194. Suppose -4*q = 3*v - n, -4*v = 3*q - 120 - 17. What is the tens digit of v?
3
Suppose j - 3*t - 89 = 0, -2*j - 3*j + 381 = t. Suppose -5*w = s - 3*s - 57, -j = -5*w - 3*s. What is the tens digit of w?
1
Let b = 72 - 60. What is the tens digit of b?
1
Let v be (8/(-10))/(4/(-10)). Let n = 8 - v. Suppose -3*w + 2*g = 2*w - 9, 2*w - 2*g = n. What is the units digit of w?
1
Suppose -5*y = -5, 65 = 6*j - j - 5*y. Let h = j - 9. Suppose 4*k = h*p - 74, -24 + 102 = 5*p - 3*k. What is the tens digit of p?
1
Suppose -2*v + 7*v = 0. Suppose v = k - 14 - 0. What is the units digit of k?
4
Let p = -25 + 41. Let y = p + -7. What is the units digit of y?
9
Let h = 49 + 64. What is the tens digit of h?
1
Let i = -7 + 10. Suppose z + i*a - a = 28, 72 = 3*z + 3*a. What is the units digit of z?
0
Let y(s) = 4*s + 4. Let f be y(7). Suppose -f = 3*c - 5*c. What is the units digit of c?
6
Let z(o) be the third derivative of o**5/30 + 5*o**4/24 - o**3/2 + o**2. What is the units digit of z(-4)?
9
Suppose 0*v = -3*v - 2*i + 14, v = -4*i - 2. Let n be 19 + 0 - (v + -6). Let b = n + -12. What is the units digit of b?
7
Suppose -63 + 213 = 5*z. Suppose -2*b = 3*b - z. What is the units digit of b?
6
Suppose -3*v + 13 - 1 = 0. Suppose v*m + 4 = -2*x - 2*x, 2*m - 2 = -4*x. Suppose 0 = 3*d - 4 - x. What is the units digit of d?
2
Let y(r) = -5*r**2 + 15*r + 4. Let n(f) = -3*f**2 + 8*f + 2. Let b(j) = -7*n(j) + 4*y(j). Let s be ((-12)/(-14))/(2/(-14)). What is the tens digit of b(s)?
1
Let m = 1024 - 653. What is the tens digit of m?
7
Let p(s) = -s**3 + 6*s**2 - 3*s - 9. Let n(f) = 6*f**3 - 29*f**2 + 14*f + 46. Let d(h) = 2*n(h) + 11*p(h). What is the units digit of d(-8)?
3
Let y(m) = 2*m - 3. Let t be y(3). Suppose 0 = 2*v - 7 + 1. Let j = t + v. What is the units digit of j?
6
Let h be (3/1)/(2/(-4)). Let b(x) = x**2 + 11*x - 9. Let m be b(-12). What is the units digit of (1 + m/h)*30?
5
Let a(x) = -2*x + 10. Let l be a(6). What is the units digit of (-2)/(l - (1 - 1))?
1
Let x(l) = l**3 - l + 1. Let b(h) = -12*h**3 - h**2 - 7*h + 4. Let n(a) = b(a) - 5*x(a). What is the tens digit of n(-1)?
1
Let t = 6 + -1. Let d(f) = f**3 - 6*f**2 + 4*f + 7. Let o be d(t). What is the units digit of (-9)/(((-9)/o)/3)?
6
Suppose 0 = -0*d + d - 13. What is the units digit of d?
3
Let m = 45 - 66. Let u be (m/(-12))/(2/8). Suppose -5*v = -33 - u. What is the units digit of v?
8
Let c be (186/4)/((-6)/(-8)). What is the units digit of (-2)/5 - c/(-5)?
2
Let z be (-15)/3*4/(-5). Let y = 2 + z. What is the units digit of y?
6
Suppose 5*x = 5*z + 15, -3*x = -0*z + 5*z - 9. Suppose -17 = -x*h + 2*a, 2*h + 2*a - 3 - 5 = 0. What is the units digit of h?
5
What is the units digit of (-6 + 5)/((-2)/62)?
1
Let w(j) = -j**3 + 11*j**2 - 10*j + 4. What is the units digit of w(10)?
4
Let w(d) = d**3 + 3*d**2 + 2*d + 1. Let c be w(-3). Let v = c + 8. Let q = -2 + v. What is the units digit of q?
1
Let z = 57 - -303. What is the hundreds digit of z?
3
Let l be ((-10)/(-4))/(2/(-8)). Let x be (-244)/l - 10/25. Suppose -9*u + 12*u - x = 0. What is the units digit of u?
8
Let h = 71 - 55. What is the tens digit of h?
1
Suppose -5*o = 4*b - 481, -b - 3*b - 2*o = -490. What is the hundreds digit of b?
1
Let q = -5 + 9. Suppose -4*m = c + c - 90, 2*m - q*c = 50. Let g = m + -14. What is the units digit of g?
9
Let z(a) be the first derivative of 13*a**5/60 - a**3/6 - a**2 + 1. Let f(x) be the second derivative of z(x). What is the units digit of f(1)?
2
Suppose 3*a - 60 = -5*o, -5*a - 2*o = -0*o - 100. What is the units digit of a?
0
Let f = 4 + 44. What is the tens digit of f?
4
Let p be (20 - 2)/((-6)/(-9)). Suppose 5*t - 13 = p. Let n(w) = w - 1. What is the units digit of n(t)?
7
Let u(g) be the first derivative of g**3/3 + 3*g**2 + 6*g - 3. Let h be u(-6). What is the units digit of -2 - (2 - 3 - h)?
5
Suppose -3*n = n - 64. Let f(q) = -q + 2. Let j(d) = 6*d - 10. Let b(x) = n*f(x) + 3*j(x). What is the tens digit of b(5)?
1
Suppose 3*t - 45 = 96. What is the tens digit of t?
4
What is the units digit of (-9)/(-6) + (-135)/(-6)?
4
Suppose -5 = -5*i + 35. What is the units digit of i?
8
Suppose -s + 5*w + 2 = -3*s, -2*s + 3*w = -30. Suppose 3*n + 2*n - 8 = -3*o, 2*n = -o + 3. Let h = s - n. What is the units digit of h?
8
Let d(s) = -s + 7. Let l be d(6). Let g = 5 - l. Suppose g*c = -c + 45. What is the units digit of c?
9
Let r(o) = o - 10. Let s be r(17). Let b(d) = 3*d. What is the tens digit of b(s)?
2
Suppose -o = -5*q + 85, o - 11 = 4*q - 78. Suppose n - 6 = 3*n. What is the units digit of (q/(-4))/n*2?
3
Suppose -2*i + 5 = -i. Suppose i*d - 44 = -9. Suppose 0 = -n + 2*n - d. What is the units digit of n?
7
Let s = 12 + -8. Suppose -3*w - 4*d = -55, s*w = 4*d + 18 + 46. What is the tens digit of w?
1
Suppose -3*p + 6*y - y + 100 = 0, -y = 5. Suppose -4*g = g + p. What is the units digit of g - -4 - (-9 - 1)?
9
Let c be 0 + 1 - (-4 - -3). What is the units digit of 4 + (c - (0 + 1))?
5
Let q be (10/6)/((-2)/(-60)). Suppose -2*c - 3*c - q = 0. What is the units digit of c/(4/(-1) + 2)?
5
Suppose 2*j + 386 = 3*s, 2*j = 2*s - 7*s + 670. What is the hundreds digit of s?
1
Let u = -136 + 254. What is the tens digit of u?
1
Let w be 2/6 + 100/15. Suppose -m - 1 + w = 0. Let f(q) = q**3 - 6*q**2 + q - 1. What is the units digit of f(m)?
5
Let w(u) = -5*u**2 - u - 3. Let s(c) = c**2 + 3*c. Let r be s(-4). Let h be w(r). What is the units digit of (-2)/8 - h/12?
7
Suppose -s + 84 = -3*x, x = -5*s + 542 - 170. What is the units digit of s?
5
Let f(n) = 2*n**2 - 4*n - 3. Let r be f(-3). Let m = r + 0. Suppose -3*p + m = 9. What is the units digit of p?
6
Suppose -3*q + q + 2 = 0. Suppose -q = 2*b + j - 9, -5*j + 20 = 0. What is the units digit of b?
2
Let g = -4 - -30. What is the units digit of g?
6
Let g(c) = -2*c + 6. Let n(v) = -4*v**2 - 2*v + 1. Let s be n(1). Let j be g(s). Let l = 24 - j. What is the units digit of l?
8
Suppose -3*g = -990 + 249. What is the tens digit of g?
4
Let t(u) = -u**3 + 5*u**2 + u - 2. Let d be t(5). Suppose 30 = -l + d*l. What is the tens digit of l?
1
Let x(q) = 10*q + 6. Let o be x(7). Suppose -5*u + 4*l = -0*l - 64, 5*u - l = o. Suppose -4*g = 2*w - 0*w - u, -g - 14 = -w. What is the units digit of w?
2
Let z = -9 + 3. Let a(y) = -y**3 - 5*y**2 + 5*y - 3. Let w be a(z). Suppose w*o = -o + 32. What is the units digit of o?
8
Let w be 0/(1 + 0) - 3. Let c = w + 1. What is the units digit of c/1*3/(-2)?
3
Suppose 3*q + 2*q = -3*f - 12, -2*q - 20 = 5*f. Suppose 96 = 2*o + 3*x, q*x + 144 = 3*o - 2*x. What is the units digit of o?
8
Let u be (4/(-6))/((-8)/60). Let a = -2 + u. Suppose b - g + 2 = 0, -1 = -a*b - 5*g + 33. What is the units digit of b?
3
Suppose 2*x - 752 = -2*x. Suppose -3*c - c = -x. What is the units digit of c?
7
Suppose 0 = -3*o + 8 + 4. Suppose o*c + 0 - 12 = 0. Suppose 4*j - c*j = 12. What is the tens digit of j?
1
Let q(s) = s**3 - 4*s**2 + 3*s + 1. Let u be q(3). Suppose 0*y + y - t - 24 = 0, -t = u. What is the tens digit of y?
2
Let v(r) = -r**2 + 20*r - 27. What is the tens digit of v(13)?
6
Suppose 4*z + 25 = 1. Let r = z + 11. What is the units digit of r?
5
Let r(y) = -y**2 - 26*y - 42. What is the hundreds digit of r(-15)?
1
Let u be 3/2*(-16)/(-6). Suppose 2*s = s + 5*x, 3*s + u*x = 19. Suppose -c + 4*r - 5 = 0, s*c = -5*r + 16 + 34. What is the units digit of c?
7
Let w(o) = -o**2 - 3*o + 4. Let r(j) = j**2 + 3*j - 5. Let u(z) = -2*r(z) - 3*w(z). What is the units digit of u(-7)?
6
Suppos